 - 1882. List the prime factors of u(-12).
2, 13, 37
Suppose -8*b + b = -9*b. Suppose 2*d - 5*p - 465 = 0, b = -2*d - p - 0*p + 495. What are the prime factors of d?
5, 7
Let c(i) = i**3 - 8*i**2 + 3*i - 10. Let m = -3 + 10. Suppose -4*s + m = -25. What are the prime factors of c(s)?
2, 7
Let z be (-14)/(-3) + (-2)/3. Suppose 5*t + 2*j - 55 - 19 = 0, 66 = 4*t + 5*j. Suppose 2 = -4*s - t, z*s + 268 = 3*u. What are the prime factors of u?
2, 3, 7
Let o(f) = -31*f**3 - 2*f**2 - 24*f - 25. List the prime factors of o(-5).
2, 5, 7
Suppose -5*s - 5*s + 240 = 0. List the prime factors of ((-7952)/s)/(4/(-6)*1).
7, 71
Suppose 0 = 6*w - 10*w + 28. Suppose -j - w*j = -576. Suppose 0 = d - m - 87, d - j = -0*d - 4*m. What are the prime factors of d?
2, 3, 7
Let t be -8 + 13 + ((-18)/2)/(-3). Let y(p) = 2*p**3 - 11*p + 18. List the prime factors of y(t).
2, 3, 53
Let l be (-1 - -5)/(132/297). Let m(p) = 10*p**2 + 2*p - 103. What are the prime factors of m(l)?
5, 29
Suppose -l + 3243 = -13630. What are the prime factors of l?
47, 359
Let v = -17154 - -42974. List the prime factors of v.
2, 5, 1291
Let l(p) be the second derivative of 2*p**3 - 11*p**2/2 + 3*p. Let n(g) = 2*g**2 + 7*g + 8. Let z be n(-3). List the prime factors of l(z).
7
Let g(s) = -s**2 + 2*s - 3. Let j be g(3). Let i(k) = -k**2 + k + 155. Let y be i(12). List the prime factors of y*3*j/(-9).
2, 23
Suppose -354*a + 18173892 = 170*a. What are the prime factors of a?
3, 11, 1051
Suppose -10*m + 600 = -13*m. Let t = 523 + m. Let w = -184 + t. List the prime factors of w.
139
Let t(i) = -3*i**2 + 21*i - 60. Let j(u) = -6*u**2 + 63*u - 179. Let q(m) = 4*j(m) - 11*t(m). What are the prime factors of q(3)?
2, 11
Suppose 0*y + 192 = 12*y. Suppose 0 = -14*t + 432 + y. Suppose 0 = 9*i - 328 - t. What are the prime factors of i?
2, 5
Let l(n) = -1. Let m(u) = -2*u - 30. Let v be m(-12). Let f(s) = s - 5. Let y(p) = v*l(p) - f(p). List the prime factors of y(5).
2, 3
Suppose 4*y + 2 = 242. Suppose -16*x = -12*x + y. What are the prime factors of ((-228)/x + 0)/((-4)/(-10))?
2, 19
Let n(j) = 4217*j + 51. What are the prime factors of n(3)?
2, 3, 29, 73
Suppose 3*s = -4*h + 164028, -15219 = -h - 2*s + 25783. What are the prime factors of h?
2, 3, 5, 1367
Let x = -455 - 12. Let d = x - -695. What are the prime factors of d?
2, 3, 19
Let r be -3 - (-6)/4*(-24)/(-9). Let z be (63/(-15) - -3)/(r/5). What are the prime factors of 5/(19/z - -4)?
2, 3
List the prime factors of 23 + 1528284/133 + 2/14.
2, 3, 19, 101
Let o = 45 - 39. Suppose g + o = 8. Suppose 2*d - 242 = n - 3*n, -5*d - g*n = -590. What are the prime factors of d?
2, 29
Suppose -2*s - 1738 + 24289 = 3*j, 2*s + 5*j = 22557. What are the prime factors of s?
3, 13, 17
Suppose 3*x + 2*n - 16 = 0, -4*x - n + 12 = -6. Suppose 0 = -5*i - 3*v + 2651 + 827, -2776 = -4*i + x*v. List the prime factors of i.
5, 139
What are the prime factors of ((-1785)/(-70))/((-6)/(-908))?
17, 227
List the prime factors of ((-1512200)/(-56) + 16/(-28))/3.
9001
Suppose 4*v = 2*l - 470, -4*l - 500 = 2*v + 2*v. Let i be ((-2868)/30)/((-14)/10 + 1). Let b = v + i. List the prime factors of b.
7, 17
Let d(r) = 781*r**2 + 20*r - 1. List the prime factors of d(2).
3163
Suppose -3*b + 26*b - 13363 = 0. Suppose 0 = c + 4*w - b, -5*c - 5*w + 2841 = -w. List the prime factors of c.
5, 113
Let d(q) = q**3 - 16*q**2 - 18*q + 18. Let a be d(17). Let s(p) = 2*p + 86*p**2 - a - 3*p + 0. List the prime factors of s(-1).
2, 43
List the prime factors of -6*5/(-1 - 29)*2425.
5, 97
Suppose -4*v - 92 = 4*w, 4*w + 3*v = -30 - 62. Let i = 26 - w. Let f = i + -28. What are the prime factors of f?
3, 7
Let m = -2693 + 4464. Suppose -m = -u - 5*t, -u + 2*t + 0*t + 1750 = 0. What are the prime factors of u?
2, 439
List the prime factors of 210804/20 + 20/150*6.
83, 127
Let g be (26/(-91) + (-390)/56)*508. Let f = -2003 - g. List the prime factors of f.
2, 3, 5, 7
List the prime factors of (11380/(-15))/(4/(-150)) + 18/(-3).
2, 13, 547
Let f be 4/(-6) - ((-616)/(-21))/22. What are the prime factors of (f - -4)/(6/147)?
7
Let q = -11591 + 18455. List the prime factors of q.
2, 3, 11, 13
Let g = 46 + -25. Suppose 0*z + g = 7*z. Suppose 172 = 5*k - z*k. What are the prime factors of k?
2, 43
Let k = 0 - 4. Let j = k - -18. Suppose -18*w = -j*w - 292. List the prime factors of w.
73
Let t = 45 - 40. Let o be t*(-2)/25 - (-2737)/5. Suppose -o = -14*m + 475. What are the prime factors of m?
73
Suppose h - 18099 - 17522 - 15237 = 0. List the prime factors of h.
2, 59, 431
Let g = -4472 + 9889. What are the prime factors of g?
5417
Suppose -28 + 469 = -3*n + y, 5*n + 3*y + 749 = 0. What are the prime factors of n/(-3)*252/24?
2, 7, 37
Suppose 0 = u - 6 + 1. Suppose u*i - 268 - 992 = 0. What are the prime factors of i?
2, 3, 7
Let s be ((-22)/(-44))/(1/376*2). Let c = s - -189. What are the prime factors of c?
283
Suppose 20*h = 2*v + 24*h - 27472, -4 = 4*h. List the prime factors of v.
2, 6869
Suppose -555 = -y - 5*s, 5*s + 1645 = -11*y + 14*y. Let r = y - 373. List the prime factors of r.
3, 59
Suppose a + 52*r - 50*r - 10 = 0, -5*a - 2*r + 26 = 0. Let y = 12 + -7. Suppose a*p + 151 = 5*b - 25, y*b = -5*p + 185. List the prime factors of b.
2, 3
Let t be 33*-3*((-3)/(-1))/27. List the prime factors of 1 - 0 - (-4 + 10197/t).
2, 233
Let h be 1/(1/(-143))*-1. Let j be (1148/(-123))/(8/(-42)). Suppose -y + 0*y + 5*t + j = 0, 2*y - h = t. List the prime factors of y.
2, 37
Suppose 1732*a - 239369 = 1719*a. List the prime factors of a.
18413
Suppose 84*z - 2165 - 5007 = 1480. What are the prime factors of z?
103
Let f = 17487 + -10728. List the prime factors of f.
3, 751
Suppose -4*n = 4*g - 40, g = -4*n - 0*g + 28. Let r be ((-189)/(-6))/(n/80) + 0. Suppose -3*a - r = -3*p, -3*p = 2*p - 4*a - 696. List the prime factors of p.
2, 17
Let m(b) = -b**3 + 4*b**2 + b - 3. Let p be m(4). Let h be 20 + (-1)/p + 0. Suppose h = 6*z + 1. List the prime factors of z.
3
Suppose 20 = 5*g + 5*g. Suppose -5*a + a = 5*k + 30, 5*a + g*k = -29. List the prime factors of (-53)/(a + (3 - -1)).
53
List the prime factors of (2130/(-8))/((-258)/6880).
2, 5, 71
Let o(h) = -220*h - 1186. What are the prime factors of o(-160)?
2, 3, 5669
Let b(y) = 6*y**3 - 22*y**2 + 126*y + 91. What are the prime factors of b(11)?
3, 2267
Let y = -3 - 164. Let u = 573 - y. List the prime factors of u.
2, 5, 37
Suppose 16*z + 627 = 35*z. Suppose 22491 = z*c - 6318. List the prime factors of c.
3, 97
Suppose -4*j = -3*p + 4, p - 10 = -9*j + 6*j. Suppose j*h + 0*t + 2*t = 802, 3*h - 1191 = 3*t. List the prime factors of h.
3, 7, 19
Let h be (-1)/(-2 + 28/16). Suppose 3 = 2*u + k, 2*u = -0*u - 2*k + h. Suppose -3*s + 403 = u. List the prime factors of s.
2, 67
Suppose -v - 48 = -4*d, -16*v = -18*v + 4*d - 96. List the prime factors of (-57 - v) + (0 - -1513).
2, 47
Let r(b) = -b**2 + 70*b - 77. Let z(m) = m**2 - 35*m + 38. Let o(f) = 3*r(f) + 5*z(f). List the prime factors of o(-31).
2, 199
Suppose 0 = -t + 18 - 21, -1232 = -w + t. Let l = 2277 - w. What are the prime factors of l?
2, 131
Let m(d) be the second derivative of 19*d**4/12 + 13*d**3/6 + 13*d**2/2 + 101*d. List the prime factors of m(-8).
3, 5
Suppose w + k = -6 - 6, w + 16 = -5*k. Let x be (-1 - -277) + 0 - (w + 15). Let u = -27 + x. List the prime factors of u.
5, 7
Let v = -11 - -13. Suppose 832 = v*a + 5*g - 0*g, 2*a - 832 = 5*g. What are the prime factors of a?
2, 13
Suppose 0 = 4*s + 4*c - 4 + 1956, 4*s + 5*c = -1954. Let g = s + 996. List the prime factors of g.
2, 3, 5, 17
Suppose -18*z + 719 = -5365. What are the prime factors of z?
2, 13
Let j be (-2 - -28) + (-75)/15. Suppose j*p - 5598 = 2088. What are the prime factors of p?
2, 3, 61
List the prime factors of (13/156*-33)/((-2)/11920).
2, 5, 11, 149
Let p = 16 + 372. Let d be 2/(-13) - p/13. Let m = 91 + d. What are the prime factors of m?
61
Let t = -28 + 14. Let b = -25 + t. Let y = 104 + b. What are the prime factors of y?
5, 13
Suppose r - 81 = -8*r. Let z(o) = o**3 - 6*o**2 + 17*o + 23. List the prime factors of z(r).
419
Let j be -6 - ((-33)/22)/(6/8). What are the prime factors of 2 + 639/(-18)*j?
2, 3
Let m = -8 - -20. Suppose 3*c - m = -c. Suppose 3*v + 65 = w, 4 = -2*v + c*v. What are the prime factors of w?
7, 11
Le